 divided by 25?
20
Calculate the remainder when 546651 is divided by 32.
27
Calculate the remainder when 42724 is divided by 42695.
29
What is the remainder when 24938 is divided by 2024?
650
Calculate the remainder when 33068 is divided by 245.
238
Calculate the remainder when 6199 is divided by 29.
22
Calculate the remainder when 425921 is divided by 9.
5
Calculate the remainder when 94268 is divided by 21.
20
Calculate the remainder when 840861 is divided by 1033.
1032
What is the remainder when 145800 is divided by 19?
13
What is the remainder when 3969 is divided by 397?
396
What is the remainder when 19023 is divided by 19017?
6
What is the remainder when 12188 is divided by 67?
61
Calculate the remainder when 36022 is divided by 43.
31
Calculate the remainder when 93294 is divided by 93275.
19
What is the remainder when 154423 is divided by 9650?
23
What is the remainder when 157 is divided by 13?
1
What is the remainder when 33966 is divided by 8300?
766
What is the remainder when 7584 is divided by 2074?
1362
Calculate the remainder when 40693 is divided by 148.
141
What is the remainder when 10560 is divided by 1146?
246
Calculate the remainder when 363677 is divided by 51.
47
What is the remainder when 22705 is divided by 113?
105
Calculate the remainder when 55607 is divided by 18534.
5
Calculate the remainder when 269092 is divided by 14.
12
Calculate the remainder when 15391 is divided by 5095.
106
What is the remainder when 11683 is divided by 721?
147
Calculate the remainder when 22967 is divided by 40.
7
Calculate the remainder when 6649 is divided by 6352.
297
What is the remainder when 1223 is divided by 83?
61
Calculate the remainder when 335648 is divided by 332.
328
Calculate the remainder when 919 is divided by 67.
48
What is the remainder when 74 is divided by 35?
4
What is the remainder when 1435 is divided by 295?
255
What is the remainder when 9142 is divided by 37?
3
Calculate the remainder when 646 is divided by 299.
48
What is the remainder when 5203 is divided by 349?
317
What is the remainder when 1021 is divided by 226?
117
Calculate the remainder when 100842 is divided by 50414.
14
Calculate the remainder when 730557 is divided by 320.
317
What is the remainder when 10619 is divided by 65?
24
Calculate the remainder when 20520 is divided by 337.
300
What is the remainder when 2417 is divided by 621?
554
Calculate the remainder when 9709 is divided by 2058.
1477
Calculate the remainder when 349217 is divided by 13.
11
What is the remainder when 72328 is divided by 54?
22
Calculate the remainder when 3930 is divided by 187.
3
Calculate the remainder when 20171 is divided by 224.
11
Calculate the remainder when 4518 is divided by 78.
72
What is the remainder when 10537 is divided by 2105?
12
Calculate the remainder when 704 is divided by 294.
116
What is the remainder when 7217 is divided by 385?
287
Calculate the remainder when 11564 is divided by 749.
329
Calculate the remainder when 109839 is divided by 54916.
7
Calculate the remainder when 25026 is divided by 82.
16
What is the remainder when 22915 is divided by 11282?
351
Calculate the remainder when 8069 is divided by 623.
593
What is the remainder when 20591 is divided by 143?
142
What is the remainder when 19578 is divided by 1506?
0
What is the remainder when 32753 is divided by 32750?
3
Calculate the remainder when 71536 is divided by 270.
256
What is the remainder when 6097 is divided by 6035?
62
What is the remainder when 27962 is divided by 13973?
16
What is the remainder when 18715 is divided by 55?
15
What is the remainder when 34867 is divided by 375?
367
Calculate the remainder when 3003 is divided by 472.
171
Calculate the remainder when 8512 is divided by 33.
31
Calculate the remainder when 1210 is divided by 1144.
66
What is the remainder when 1321 is divided by 262?
11
What is the remainder when 4072 is divided by 64?
40
Calculate the remainder when 1403 is divided by 273.
38
What is the remainder when 2918 is divided by 161?
20
What is the remainder when 6088 is divided by 112?
40
What is the remainder when 1956 is divided by 278?
10
What is the remainder when 683 is divided by 373?
310
What is the remainder when 3017 is divided by 2808?
209
What is the remainder when 898 is divided by 312?
274
What is the remainder when 14230 is divided by 339?
331
What is the remainder when 8770 is divided by 9?
4
Calculate the remainder when 3045 is divided by 618.
573
Calculate the remainder when 256706 is divided by 13.
8
Calculate the remainder when 10378 is divided by 2062.
68
What is the remainder when 301323 is divided by 8?
3
What is the remainder when 8893 is divided by 230?
153
Calculate the remainder when 116222 is divided by 463.
9
What is the remainder when 70270 is divided by 36?
34
Calculate the remainder when 3341 is divided by 9.
2
Calculate the remainder when 77270 is divided by 53.
49
What is the remainder when 1467112 is divided by 2032?
8
What is the remainder when 1823744 is divided by 1604?
1600
Calculate the remainder when 20666 is divided by 2039.
276
What is the remainder when 16271 is divided by 372?
275
What is the remainder when 182763 is divided by 423?
27
Calculate the remainder when 6641 is divided by 370.
351
What is the remainder when 81767 is divided by 90?
47
Calculate the remainder when 109120 is divided by 17.
14
What is the remainder when 6621 is divided by 2134?
219
Calculate the remainder when 329797 is divided by 1649.
1646
Calculate the remainder when 107628 is divided by 1398.
1380
What is the remainder when 8900 is divided by 189?
17
What is the remainder when 7027 is divided by 28?
27
What is the remainder when 1406412 is divided by 122?
118
What is the remainder when 8038 is divided by 812?
730
What is the remainder when 6141 is divided by 292?
9
Calculate the remainder when 54781 is divided by 4565.
1
Calculate the remainder when 80738 is divided by 12.
2
What is the remainder when 2429 is divided by 177?
128
Calculate the remainder when 4927 is divided by 58.
55
Calculate the remainder when 68901 is divided by 2153.
5
What is the remainder when 58317 is divided by 120?
117
Calculate the remainder when 786184 is divided by 33.
25
Calculate the remainder when 82283 is divided by 27413.
44
Calculate the remainder when 632 is divided by 9.
2
Calculate the remainder when 692643 is divided by 317.
315
What is the remainder when 6141 is divided by 237?
216
What is the remainder when 6669 is divided by 222?
9
Calculate the remainder when 33591 is divided by 11130.
201
What is the remainder when 5143 is divided by 932?
483
What is the remainder when 2689 is divided by 854?
127
What is the remainder when 327247 is divided by 935?
932
Calculate the remainder when 11511 is divided by 4267.
2977
What is the remainder when 4806 is divided by 10?
6
What is the remainder when 11413 is divided by 1033?
50
Calculate the remainder when 8452 is divided by 470.
462
Calculate the remainder when 14603 is divided by 83.
78
What is the remainder when 9861 is divided by 1461?
1095
Calculate the remainder when 350457 is divided by 297.
294
What is the remainder when 607041 is divided by 22?
17
Calculate the remainder when 27002 is divided by 213.
164
Calculate the remainder when 1831 is divided by 467.
430
What is the remainder when 9012 is divided by 644?
640
Calculate the remainder when 185615 is divided by 61870.
5
What is the remainder when 671159 is divided by 15?
14
What is the remainder when 982 is divided by 446?
90
Calculate the remainder when 1010 is divided by 171.
155
What is the remainder when 23415 is divided by 260?
15
What is the remainder when 385428 is divided by 104?
4
What is the remainder when 51489 is divided by 17113?
150
What is the remainder when 13800 is divided by 1725?
0
What is the remainder when 6248 is divided by 250?
248
Calculate the remainder when 26510 is divided by 8819.
53
Calculate the remainder when 363815 is divided by 18.
17
Calculate the remainder when 17166 is divided by 2134.
94
Calculate the remainder when 409 is divided by 225.
184
What is the remainder when 3920 is divided by 29?
5
What is the remainder when 393767 is divided by 338?
335
Calculate the remainder when 192266 is divided